et i(u) = 13*u**2 + 17*u + 19. Let c(f) be the second derivative of 7*f**4/12 + 3*f**3/2 + 11*f**2/2 + 72*f. Let d(v) = -5*c(v) + 3*i(v). Determine d(-2).
6
Suppose 5*a = 2*x + 9 + 25, -x + 28 = 5*a. Let i(f) = -7 + 5*f - 3*f - 3*f + 5*f. Calculate i(a).
17
Let b(z) = 3*z**2 - 8*z - 2. Let r = -377 + 375. Let n(a) = -7*a**2 + 15*a + 3. Let x(j) = r*n(j) - 5*b(j). Determine x(7).
25
Let d = -18 + 20. Let s(z) = -75 + 139 + 8*z - 67 - z**d. What is s(6)?
9
Let m(a) be the first derivative of 4*a**2 + 4*a - 2617. Calculate m(-5).
-36
Suppose 11*a - 72 = -7 - 21. Let k(q) be the first derivative of 1/4*q**4 + q + 1/2*q**2 - 2 - 4/3*q**3. Determine k(a).
5
Let p be (-610)/(9 + -14 - -3). Let m = p - 311. Let j(h) = 3*h - 3. Give j(m).
-21
Let f(j) = 112*j**2 + 9*j + 6. Let p(x) = 61*x**2 + 5*x + 3. Let g(b) = 6*f(b) - 11*p(b). Let k = 15 + -11. What is g(k)?
15
Let m(f) = f**3 - 3*f**2 + f - 2. Suppose 5 = -4*k - 47. Let j be (-3 - 0)/(-16 - k). Suppose j = -n + 3. Give m(n).
-4
Let p(c) = -2*c**3 + 3*c**2 - 6. Let v(i) = -6*i**3 + 8*i**2 - 17. Let h(s) = 8*p(s) - 3*v(s). Determine h(-3).
-51
Let a(r) = 2*r**3 + 23*r**2 + r + 12. Let f(c) = 2*c**3 + 30*c**2 + 2*c + 11. Let t(m) = 5*a(m) - 4*f(m). What is t(3)?
16
Let z(u) be the second derivative of -u**3/2 + 9*u**2/2 - 1754*u. Suppose 2*n - 4*n = -8. Give z(n).
-3
Let t(p) be the second derivative of 6 + 1/6*p**3 - 7*p + 0*p**2. Give t(0).
0
Let d(i) = -3*i**2 - 59*i - 31. Let v(r) = -r**3 - 5*r**2 + 9*r - 1. Let w be v(-6). Let k be d(w). Let l(p) = -2*p - 6. Calculate l(k).
-20
Let n(p) = 5*p**2 - 2 + 2*p + p**3 - 6*p - 11*p. Suppose -9*q - 365 = 130*q + 608. Let z be n(q). Let c(v) = v**2 - 3*v - 7. What is c(z)?
3
Let s(z) be the third derivative of -z**5/60 - 5*z**4/8 + 33*z**3/2 - 2*z**2 - 17*z - 1. Determine s(5).
-1
Let f(a) = -7*a + 2. Let d(o) = -16*o - 92. Let n be d(-9). Let c = 101 - 51. Let i = n - c. Calculate f(i).
-12
Let z(n) = -156*n - 359. Let w(k) = -335*k - 719. Let s(m) = -6*w(m) + 13*z(m). What is s(-20)?
7
Suppose 200*p + 644 = 522*p. Let t(u) = -u**3 - u**2 + 20*u - 37. Determine t(p).
-9
Let u = 125 - 53. Suppose 21 = 69*f - u*f. Let p(v) = -6 - v**2 + 6 - v**3 - 6*v - 7*v**2 + 2. Determine p(f).
-5
Let q(p) = -2*p**3 + 7*p**2 + 14*p + 19. Let t(m) = -8*m**3 + 27*m**2 + 56*m + 84. Let c(z) = 9*q(z) - 2*t(z). Give c(6).
-21
Let g(z) = -5*z**3 + 55*z**2 - 74*z + 75. Let a(v) = 2*v**3 - 18*v**2 + 25*v - 26. Let s(c) = 8*a(c) + 3*g(c). Determine s(-22).
17
Let y be (4/12)/(30/225). Let d(k) be the second derivative of y*k**2 - 7*k + 0 + 1/6*k**3. Calculate d(0).
5
Let q(d) = 6*d**2 - d - 1. Let j(h) = 5*h**2 + 7*h + 3. Let m(u) = j(u) + 2*q(u). Calculate m(2).
79
Suppose -15 = -4*u - 5*k, 2*k + 19 = u - 1. Suppose u*d = -d. Let s(t) = t - 27 + 34 + d*t. Determine s(-6).
1
Let p(d) = -5*d + 4. Suppose -4 = -10*c + 36. Suppose 0*o + c*o = -0*o. Let z be p(o). Let u(v) = -v**3 + 6*v**2 - 4*v + 5. What is u(z)?
21
Let q(p) be the first derivative of p**3/3 + 7*p**2/2 - 6*p + 7989. Calculate q(-10).
24
Let i(j) = -6928*j + 13895*j + 11 - 6971*j. Determine i(6).
-13
Let x be 2/(-7) + (-10516)/(-7). Let w(r) = -6 + 2*r**3 - x*r + 2999*r - r**3 - 1500*r + 2*r**2. Calculate w(-3).
-6
Let t(j) be the third derivative of 17*j**4/4 - 611*j**3/6 + 18*j**2 - 2*j - 15. What is t(6)?
1
Suppose -36 = -21*j + 15*j. Let m(a) = 15*a - 13. Calculate m(j).
77
Let h = -10753 - -10741. Let a(u) = u**2 + 21*u + 110. Calculate a(h).
2
Let s(o) = o**2 - 15 - o - 4*o + 13. Let d be s(-5). Let t(v) = -d*v - 51*v - 2 + 115*v. What is t(2)?
30
Let n be 14/(112/(11 - -5)). Let f(k) = -26*k + 4. Determine f(n).
-48
Let d(s) = 129*s. Let g(a) = -549*a + 9. Let m(f) = -4*d(f) - g(f). Calculate m(-2).
-75
Suppose -5*b + 11 = -19. Suppose 0*i = -2*i + b. Let w(x) = x + 4*x - 3*x**2 + 0*x**2 - 2*x**i - 2 - 6*x. Determine w(-2).
4
Let v(l) = -l - 1. Suppose 3*g + 5*y = y + 16, 0 = -4*g - 3*y + 19. Suppose -3*i + o - g = 3, 2*i = -o - 3. Let x be (12/10)/(i*(-7)/35). What is v(x)?
-4
Let h(c) = 3*c - 54. Let y be h(22). Let s = 14 - y. Let r(f) = 11*f + f**3 + 9*f - 1 - 41*f + 13*f - 5*f**s. Give r(6).
-13
Let c(m) be the second derivative of -m**5/20 + 5*m**4/4 - 17*m**3/6 + 47*m**2/2 + 7211*m. Calculate c(14).
5
Let t(j) = 522*j - 1571. Let c be t(3). Let u(f) = -f**2 - 3 - 4*f + 0 + 6 - 4. Give u(c).
-6
Let f(n) = 2*n**2 - 6*n. Let w(z) = -11*z**2 + 23*z + 3. Let v(q) = 6*f(q) + w(q). Determine v(11).
-19
Let v(j) = -2356*j**3 - 3*j - 17 - 10*j**2 + 0*j**2 + 2355*j**3. Calculate v(-10).
13
Let b(t) = 2*t**3 - t**2 - 21*t + 13. Let v be b(4). Let l(d) = 850*d - v - 1703*d + 856*d. Give l(12).
-5
Let l(g) = 15*g**2 + 1. Let o be ((-18)/4 - -4)*0. Let j(k) = -2*k + 1. Let m be j(o). Calculate l(m).
16
Let y(r) = r**3 - 10*r**2 - 3*r + 35. Suppose 294*n - 360 = 258*n. Calculate y(n).
5
Let m be ((-148)/(-38) - 4) + 560/(-95). Let v(d) = d - 20 + 65 - 16 + 0*d - 21. Give v(m).
2
Let o(y) = 13*y. Suppose -787 + 2762 = -25*i. Let h = i + 78. Give o(h).
-13
Suppose 0 = -2*v + 3*v - 4. Suppose v*m = -3*q - m + 9, -5*m = -3*q + 9. Let z(k) = k**3 - 31*k + 17*k - 2 - q*k**2 + 12*k. Give z(4).
6
Let t(v) be the first derivative of -v**4/4 + 22*v**3/3 - 37*v**2 + 7*v - 7560. Give t(4).
-1
Let y(s) be the third derivative of -s**6/120 + 3*s**5/20 + 19*s**4/24 + 19*s**3/3 - 2*s**2 + 94*s. What is y(11)?
5
Suppose 4*o - 4*b - 20 = 0, 4*o - b - 31 = -8. Let l be (o - 2) + -2 + 0. Let u(q) = -255 - 567*q + 1134*q - 5*q**2 - 565*q + 257. What is u(l)?
-14
Suppose -t + 9*h = 39, -15 + 0 = t - h. Let s(l) = 2*l**2 + 23*l - 4. Determine s(t).
8
Suppose 3*j + n + 35 = -4*n, -2*j = -4*n + 16. Let o(x) = -265 + 111 + 131 - x. Give o(j).
-13
Let u(i) = -i**3 + 6*i**2 - 7*i + 2. Suppose -44 - 86 = -26*h. Suppose -4*n = -5*m + h, 2*n - 4*n + 15 = m. Calculate u(n).
-8
Let c(p) be the first derivative of -p**3/3 + 4*p**2 - 6*p - 701. Give c(6).
6
Let f(o) = -2*o - 2. Let t be f(-7). Suppose 5*x - 24*x + 250 = 31*x. Suppose 0 - 4 = 4*g, 3*g - t = x*n. Let b(i) = -i**3 - 2*i**2 - 2*i + 2. Calculate b(n).
17
Suppose -3*b - 5*y + 9 = -7*b, 4*y - 32 = -3*b. Let c = -2002 - -2007. Suppose o = b*o + f + 23, -c*o + 2*f - 20 = 0. Let q(u) = 2*u + 6. What is q(o)?
-6
Let k(u) = -u**2 - 82*u - 1636. Let z be k(-48). Let q(x) = 2*x**2 - 4*x - 39. Determine q(z).
9
Let m(t) = t - 6. Let k(z) be the first derivative of 2*z + 84. Let i(y) = -5*k(y) + m(y). Give i(12).
-4
Let n(j) = j + 14. Let k be n(0). Let p(a) = 3*a - k + 3*a + 19 - 4*a. Let d(l) = l**2 + 3*l + 4. Let h be d(-3). Calculate p(h).
13
Let i(g) = -g**3 + 9*g**2 + 12*g + 15. Let v be 4/(-12)*(-1 - -11)*-3. What is i(v)?
35
Let y(k) = -49*k - 12. Let u(p) = -154*p - 37. Let h(s) = -6*u(s) + 19*y(s). Determine h(-7).
43
Let m(c) be the first derivative of -c**7/840 - c**6/90 + c**5/20 + c**4/8 + c**3 + 1. Let t(l) be the third derivative of m(l). Let s = -229 + 224. Give t(s).
-2
Let m be -10*(-10)/(-40)*(-36)/15. Let t(f) = f**2 - 5*f - 3. Let d be t(6). Let i(n) = -5*n - 12 + 9*n - d*n. What is i(m)?
-6
Let i(p) = 8*p**3 - p**2 - p - 3. Suppose q = 2*y - 5, 22*q = -3*y + 19*q + 3. Give i(y).
55
Let y(p) = 2*p**2 - 42 + 730*p + 0*p**2 - 711*p + 27 + 38. Determine y(-8).
-1
Let f be (-9271)/(-803) - 12/22. Let m(a) = a - 10. Calculate m(f).
1
Let j = 3 + 1. Let u = j + -7. Let b(h) = -104 - 110 + 11*h + 10*h + 4*h**2 - 17*h + 324 + h**3 - 108. What is b(u)?
-1
Let y = 85 + -75. Let n(t) = 4*t + 4*t + 3 + 4*t - t**2 - y*t. Calculate n(-2).
-5
Suppose 0 = -22*r - 141 - 101. Let k(m) = -m - 8. Give k(r).
3
Let a(p) = -p**2 - 408 - 14*p + 135 + 135 + 128. Give a(-13).
3
Let o(x) = -x - 4. Let v(z) = 5 - 18 - 5*z**2 + z - 3*z + 6*z**2. Let m be v(5). Suppose n + 4 = -m. Give o(n).
2
Let l(s) = 4*s**2 - 2*s + 1. Suppose -5*f + o + 45 = -4*o, 5*f = 3*o + 49. Suppose 3*n - r = f, -5*r = n - 0*r + 23. What is l(n)?
13
Let z(l) = -2706 - l + 1361 + 4*l + 1385. Calculate z(-17).
-11
Let f be 1698/(-15)*((-25)/(-10))/1. Let w = f - -281. Let p(h) = 2*h + 3 + 0 - 5. Determine p(w).
-6
Let r(c) be the first derivative of c**5/20 - c**4/12 + c**3/6 + 5*c**2/2 + 24*c - 33. Let b(s) be the first derivative of r(s). Determine b(0).
5
Let p be -2*(-1)/(-3) - (-24)/(-18). Let q(w) = -6*w - 1. Let b(l) = -l